alse
Is 122263 a prime number?
True
Is 193859 prime?
True
Is 169019 a composite number?
False
Is 68473 composite?
False
Is 446533 prime?
True
Is 2851091 prime?
True
Is 307739 a composite number?
True
Is 236609 a prime number?
True
Is 6389 a composite number?
False
Is 2083889 a composite number?
False
Is 1139561 prime?
False
Is 191273 a prime number?
False
Is 907 composite?
False
Is 485497 a composite number?
False
Is 493057 prime?
False
Is 36502 a composite number?
True
Is 1158361 composite?
False
Is 249559 composite?
True
Is 12437 composite?
False
Is 3689843 a prime number?
True
Is 5354 a composite number?
True
Is 466 a prime number?
False
Is 802 a composite number?
True
Is 141131 composite?
False
Is 9277 a prime number?
True
Is 36893 prime?
False
Is 1289747 a composite number?
False
Is 5429 prime?
False
Is 2819 a composite number?
False
Is 158491 a composite number?
True
Is 7387 composite?
True
Is 25399 a prime number?
False
Is 2819 a composite number?
False
Is 2867497 composite?
False
Is 25873 composite?
False
Is 10061 prime?
True
Is 4903493 a prime number?
False
Is 685679 prime?
True
Is 220993 prime?
False
Is 44567 prime?
False
Is 1399 composite?
False
Is 17267 composite?
True
Is 1907 composite?
False
Is 11197 a prime number?
True
Is 1803 a prime number?
False
Is 792521 a composite number?
False
Is 95429 prime?
True
Is 11065 a prime number?
False
Is 154369 prime?
True
Is 8581 a composite number?
False
Is 109147 composite?
False
Is 1777 prime?
True
Is 71209 composite?
False
Is 250265 composite?
True
Is 42641 composite?
False
Is 17707 a composite number?
False
Is 1121173 a composite number?
False
Is 797 prime?
True
Is 451 composite?
True
Is 42977 a prime number?
False
Is 207401 prime?
True
Is 9677 a prime number?
True
Is 177467 a prime number?
True
Is 34027 a prime number?
False
Is 192981 a prime number?
False
Is 4507 a prime number?
True
Is 132589 a prime number?
True
Is 3890093 a composite number?
True
Is 192991 prime?
True
Is 218605 a composite number?
True
Is 208447 a prime number?
False
Is 163598 composite?
True
Is 15469 a composite number?
True
Is 27139 composite?
True
Is 565879 a prime number?
False
Is 5261 prime?
True
Is 1621 a composite number?
False
Is 4699 prime?
False
Is 346169 a prime number?
True
Is 102143 a prime number?
False
Is 1249 composite?
False
Is 58391 composite?
False
Is 7297 a prime number?
True
Is 1331503 a prime number?
False
Is 187631 a composite number?
False
Is 1006493 composite?
False
Is 18013 a prime number?
True
Is 482869 composite?
True
Is 1736599 a prime number?
True
Is 24347 a prime number?
False
Is 2732845 prime?
False
Is 2894233 a composite number?
True
Is 1155801 a composite number?
True
Is 67879 composite?
True
Is 463 composite?
False
Is 13777 a prime number?
False
Is 2179 prime?
True
Is 278867 a composite number?
False
Is 122691 a composite number?
True
Is 7981 a composite number?
True
Is 13058 composite?
True
Is 14583 a prime number?
False
Is 29653 prime?
False
Is 15421 a composite number?
True
Is 99797 prime?
False
Is 760007 prime?
True
Is 104093 a composite number?
True
Is 187 prime?
False
Is 3487049 prime?
True
Is 67247 composite?
False
Is 12149 composite?
False
Is 58831 prime?
True
Is 345683 composite?
True
Is 231421 prime?
False
Is 1205891 a prime number?
True
Is 229897 a composite number?
False
Is 5771 a composite number?
True
Is 493013 a prime number?
True
Is 3643 a prime number?
True
Is 294809 prime?
True
Is 102671 prime?
False
Is 25837 a composite number?
True
Is 50357 prime?
False
Is 2369 prime?
False
Is 1967 a composite number?
True
Is 41281 a composite number?
False
Is 14302 composite?
True
Is 546655 a prime number?
False
Is 54121 a prime number?
True
Is 325613 a prime number?
False
Is 1259 a prime number?
True
Is 473257 a composite number?
False
Is 1178942 composite?
True
Is 2292911 a composite number?
True
Is 31469 a prime number?
True
Is 6079 composite?
False
Is 9383 a prime number?
False
Is 50335 prime?
False
Is 8149 a composite number?
True
Is 108179 composite?
False
Is 14923 a prime number?
True
Is 681157 a composite number?
True
Is 178753 a prime number?
True
Is 7001 prime?
True
Is 113257 composite?
True
Is 6899 composite?
False
Is 220009 a composite number?
False
Is 79103 a composite number?
False
Is 1439 a prime number?
True
Is 1499477 composite?
True
Is 199343 prime?
True
Is 38851 composite?
False
Is 4321 composite?
True
Is 83911 a prime number?
True
Is 75085 a prime number?
False
Is 22733 a composite number?
True
Is 6347 a prime number?
False
Is 3053 prime?
False
Is 6449 composite?
False
Is 107567 a prime number?
False
Is 202967 a composite number?
False
Is 14453 prime?
False
Is 89833 prime?
True
Is 18851 a prime number?
False
Is 698977 composite?
False
Is 1565554 a prime number?
False
Is 20053 prime?
False
Is 247021 composite?
True
Is 11089 a composite number?
True
Is 216397 composite?
False
Is 420221 composite?
False
Is 64547 a composite number?
True
Is 311 a prime number?
True
Is 49081 a prime number?
True
Is 40571 a composite number?
True
Is 12679 a composite number?
True
Is 841361 prime?
False
Is 98179 prime?
True
Is 87911 composite?
False
Is 329883 a prime number?
False
Is 262811 composite?
True
Is 11971 a composite number?
False
Is 15013 a composite number?
False
Is 1115185 prime?
False
Is 13493 composite?
True
Is 115 a prime number?
False
Is 13451 prime?
True
Is 79595 prime?
False
Is 11821 a prime number?
True
Is 835865 a prime number?
False
Is 6679 composite?
False
Is 964679 composite?
False
Is 37919 composite?
True
Is 12197 a prime number?
True
Is 14635 composite?
True
Is 3943 a composite number?
False
Is 1867 a prime number?
True
Is 1109977 a composite number?
True
Is 132317 composite?
True
Is 10007 a composite number?
False
Is 2789 prime?
True
Is 200971 a composite number?
False
Is 24659 a composite number?
False
Is 10709 a prime number?
True
Is 314201 composite?
True
Is 114809 prime?
True
Is 16249 prime?
True
Is 10639 a prime number?
True
Is 157499 a composite number?
True
Is 731 composite?
True
Is 124309 prime?
True
Is 121039 a prime number?
True
Is 483787 prime?
True
Is 5381 a prime number?
True
Is 542065 prime?
False
Is 25391 prime?
True
Is 106553 prime?
False
Is 29287 composite?
False
Is 1432411 a prime number?
True
Is 544753 a prime number?
False
Is 138617 composite?
False
Is 70553 prime?
False
Is 31345 composite?
True
Is 20593 a composite number?
False
Is 6761 a prime number?
True
Is 489145 prime?
False
Is 9349 prime?
True
Is 7795 a composite number?
True
Is 8419 a composite number?
False
Is 685207 prime?
False
Is 40759 a composite number?
False
Is 160309 prime?
True
Is 11113 prime?
True
Is 203293 a prime number?
True
Is 56149 composite?
False
Is 14253 a composite number?
True
Is 7339 composite?
True
Is 17617 composite?
True
Is 1152257 a composite number?
True
Is 227294 a prime number?
False
Is 897947 a prime number?
True
Is 238723 a prime number?
True
Is 88969 a prime number?
True
Is 164809 a composite number?
False
Is 6193 prime?
False
Is 569573 a prime number?
True
Is 18013 a prime number?
True
Is 355933 a prime number?
True
Is 1541 composite?
True
Is 1696031 composite?
True
Is 64471 composite?
True
Is 20611 prime?
True
Is 634009 composite?
True
Is 231461 prime?
True
Is 90313 a composite number?
False
Is 98993 a prime number?
True
Is 445343 a prime number?
False
Is 4283 a composite number?
False
Is 29167 a prime number?
True
Is 184749 prime?
False
Is 435911 a prime number?
False
Is 251 composite?
False
Is 354581 a composite number?
False
Is 383983 composite?
False
Is 124529 a prime number?
True
Is 1425217 prime?
True
Is 71507 composite?
True
Is 151261 composite?
True
Is 222871 a composite number?
True
Is 2722 a composite number?
True
Is 187399 composite?
True
Is 27509 a prime number?
True
Is 5485 composite?
True
Is 18637 a prime number?
True
Is 111859 a prime number?
False
Is 16493 a prime number?
True
Is 4511 a prime number?
False
Is 19661 prime?
True
Is 622357 composite?
True
Is 57991 composite?
False
Is 362081 a prime number?
True
Is 64241 a prime number?
False
Is 487 prime?
True
Is 15959 a prime number?
True
Is 29935 a prime number?
False
Is 311447 a composite number?
False
Is 464819 prime?
True
Is 31547 a composite number?
False
Is 126479 a compo